{"id":20,"date":"2025-10-29T18:50:49","date_gmt":"2025-10-29T18:50:49","guid":{"rendered":"https:\/\/magisklaiv.org\/Ravnlaiv\/?page_id=20"},"modified":"2026-02-06T13:35:40","modified_gmt":"2026-02-06T13:35:40","slug":"metafysikk","status":"publish","type":"page","link":"https:\/\/magisklaiv.org\/Ravnlaiv\/den-gyldne-bankett\/metafysikk\/","title":{"rendered":"Metafysikk"},"content":{"rendered":"\n<p><strong>Magi<\/strong>: I Ravnaverden er magien akademisk, langsom og subtil. Det kommer til \u00e5 v\u00e6re roller som kan magi, men ingen har evner som kan gi umiddelbar effekt. Magien skal v\u00e6re et diskusjonstema og en stemningseffekt. Det vil v\u00e6re karakterer som f\u00f8ler seg truet av magi, men magi kan ikke brukes som skytev\u00e5pen.<\/p>\n\n\n\n<figure class=\"wp-block-image aligncenter size-large is-resized\"><img loading=\"lazy\" decoding=\"async\" width=\"1024\" height=\"771\" src=\"https:\/\/magisklaiv.org\/Ravnlaiv\/wp-content\/uploads\/2026\/02\/dreamstimemaximum_314769387-1024x771.jpg\" alt=\"\" class=\"wp-image-61\" style=\"aspect-ratio:1.3275873158808773;width:336px;height:auto\" srcset=\"https:\/\/magisklaiv.org\/Ravnlaiv\/wp-content\/uploads\/2026\/02\/dreamstimemaximum_314769387-1024x771.jpg 1024w, https:\/\/magisklaiv.org\/Ravnlaiv\/wp-content\/uploads\/2026\/02\/dreamstimemaximum_314769387-300x226.jpg 300w, https:\/\/magisklaiv.org\/Ravnlaiv\/wp-content\/uploads\/2026\/02\/dreamstimemaximum_314769387-768x578.jpg 768w, https:\/\/magisklaiv.org\/Ravnlaiv\/wp-content\/uploads\/2026\/02\/dreamstimemaximum_314769387-1536x1157.jpg 1536w, https:\/\/magisklaiv.org\/Ravnlaiv\/wp-content\/uploads\/2026\/02\/dreamstimemaximum_314769387-2048x1543.jpg 2048w\" sizes=\"auto, (max-width: 1024px) 100vw, 1024px\" \/><\/figure>\n\n\n\n<p>I samtaler om magi vil du h\u00f8re ord som Eter, metafysikk, magi, troskraft, cytoder&#8230;.<\/p>\n\n\n\n<p>Det er mange begreper rundt dette, og det er helt naturlig at man er forvirra rundt det, med mindre man har diplom i anvendt og teoretisk metafysikk. Og de som har det vet ogs\u00e5 at det fremdeles er mye \u00e5 finne ut om metafysikken. Vitenskapen er h\u00f8yt verdsatt i Ravnaverden, og vitenskapsfolk vet godt at de bare vet det de vet og ikke vet hva de ikke vet. (tldr: null stress \u00e5 ikke kunne noe)<\/p>\n\n\n\n<p>Magi i Ravnaverden brukes\/gj\u00f8res ved \u00e5 hente og manipulere energi fra Eteren. Eteren er ustabil og uforutsigbar. Noen er f\u00f8dt med evnen til \u00e5 gj\u00f8re dette, men trenger trening for \u00e5 anvende kontrollert magi. Man kan ogs\u00e5 l\u00e6re magi. Det er mye teori og kunnskap rundt magi, men f\u00e5 sv\u00e6rt mektige magikere.<\/p>\n\n\n\n<p>Religion er ogs\u00e5 sterkt knyttet til Eter og magi. Mennesker har troskraft, som de velger \u00e5 dedikere (eller ikke) til sin foretrukne guddom. Gudene er avhengig av denne troskraften for \u00e5 kunne utf\u00f8re guddommelige handlinger. (Et sv\u00e6rt demokratisk system). Det er alts\u00e5 ikke snakk om \u00e5 tro p\u00e5 en gud, men \u00e5 tilbe en gud.<\/p>\n\n\n\n<p>I Ravnaverden er det ikke slik at alle guder er snille og demoner er slemme. Begge deler er teofane cytoder, og det kommer veldig an p\u00e5 hvordan man ble guddommelig, hvilke intensjoner man har og hvem som tilber en.<br><br>Det finnes ogs\u00e5 mye <em>fri troskraft<\/em>, som kan brukes av magikere, \u00e5nder og guddommelige vesener.<\/p>\n\n\n\n<p>Det vil bli snakk om Origologi, som har v\u00e6rt et sentralt tema p\u00e5 de siste laivene. Dette er det bare \u00e9n rolle som har forsket p\u00e5; Kadra Baras. Alt annet er spekulasjoner, og du er hjertelig velkommen til \u00e5 bidra med dine egne.<\/p>\n","protected":false},"excerpt":{"rendered":"<p>Magi: I Ravnaverden er magien akademisk, langsom og subtil. Det kommer til \u00e5 v\u00e6re roller som kan magi, men ingen har evner som kan gi umiddelbar effekt. Magien skal v\u00e6re et diskusjonstema og en stemningseffekt. Det vil v\u00e6re karakterer som f\u00f8ler seg truet av magi, men magi kan ikke brukes som skytev\u00e5pen. I samtaler om [&hellip;]<\/p>\n","protected":false},"author":1,"featured_media":0,"parent":8,"menu_order":0,"comment_status":"closed","ping_status":"closed","template":"","meta":{"footnotes":""},"class_list":["post-20","page","type-page","status-publish","hentry"],"_links":{"self":[{"href":"https:\/\/magisklaiv.org\/Ravnlaiv\/wp-json\/wp\/v2\/pages\/20","targetHints":{"allow":["GET"]}}],"collection":[{"href":"https:\/\/magisklaiv.org\/Ravnlaiv\/wp-json\/wp\/v2\/pages"}],"about":[{"href":"https:\/\/magisklaiv.org\/Ravnlaiv\/wp-json\/wp\/v2\/types\/page"}],"author":[{"embeddable":true,"href":"https:\/\/magisklaiv.org\/Ravnlaiv\/wp-json\/wp\/v2\/users\/1"}],"replies":[{"embeddable":true,"href":"https:\/\/magisklaiv.org\/Ravnlaiv\/wp-json\/wp\/v2\/comments?post=20"}],"version-history":[{"count":3,"href":"https:\/\/magisklaiv.org\/Ravnlaiv\/wp-json\/wp\/v2\/pages\/20\/revisions"}],"predecessor-version":[{"id":62,"href":"https:\/\/magisklaiv.org\/Ravnlaiv\/wp-json\/wp\/v2\/pages\/20\/revisions\/62"}],"up":[{"embeddable":true,"href":"https:\/\/magisklaiv.org\/Ravnlaiv\/wp-json\/wp\/v2\/pages\/8"}],"wp:attachment":[{"href":"https:\/\/magisklaiv.org\/Ravnlaiv\/wp-json\/wp\/v2\/media?parent=20"}],"curies":[{"name":"wp","href":"https:\/\/api.w.org\/{rel}","templated":true}]}}