{"id":74,"date":"2026-02-06T12:09:49","date_gmt":"2026-02-06T12:09:49","guid":{"rendered":"https:\/\/magisklaiv.org\/Ravnlaiv\/?page_id=74"},"modified":"2026-02-06T12:17:58","modified_gmt":"2026-02-06T12:17:58","slug":"fandria","status":"publish","type":"page","link":"https:\/\/magisklaiv.org\/Ravnlaiv\/folkegrupper-i-ravnaverden\/fandria\/","title":{"rendered":"Fandria"},"content":{"rendered":"\n<p><strong>Innbyggertall: <\/strong>S\u00e5vidt over 1 million.<\/p>\n\n\n\n<p><strong>Beliggenhet:<\/strong><strong> <\/strong>S\u00f8r i Khontica, mellom Khezia og Rahel, men har ogs\u00e5 de oversj\u00f8iske provinsene Fandrisk Ciunna i det s\u00f8rlige Maan samt Ny-Fandria, som er en samling \u00f8yer nord for Ryohti.<\/p>\n\n\n\n<p><strong>Klima: <\/strong>Varmt temperert til subtropisk, t\u00f8rt klima i gamlelandet, varmt temperert i Fandrisk Ciunna og Ny-Fandria.<\/p>\n\n\n\n<p><strong>Styreform: <\/strong>Emirat, fra 1187 aN ledet av den h\u00f8yst kompetente Emira Simiza el-Baran. Fandrierene er byr\u00e5kratisk anlagt, sv\u00e6rt lovlydige, og opptatte av \u00e5 sikre befolkningens rettigheter. Administrasjonen i emiratet er delt inn i sterke organisasjoner som har stor autonomitet, og spesielt er Beremsenet, siviladministrasjonen, en viktig maktfaktor. Landet er inndelt i sju provinser, som hver ledes av en zihim, utnevnt av Beremsenet i samr\u00e5d med Hofo.<\/p>\n\n\n\n<p><strong>Spr\u00e5k: <\/strong>Fandrisk, som er et spr\u00e5k de aller fleste har kjennskap til.<\/p>\n\n\n\n<p><strong>Livsgrunnlag: <\/strong>Fandrierne er uovertrufne handelsfolk, og har verdens suverent st\u00f8rste handelsfl\u00e5te. Landet produserer det magiske mineralet okkultitt i store mengder, og forsyner en hel verden med frukt og andre jordbruksvarer. I tillegg leies fandriske byr\u00e5krater ut som r\u00e5dgivere til hoff over hele verden.<\/p>\n\n\n\n<p><strong>Valuta: <\/strong>Mezen, som i l\u00f8pet av de siste \u00e5rene har blitt en slags global standard.<\/p>\n\n\n\n<p><strong>Religion: <\/strong>Det er full religionsfrihet i Fandria. De fleste innbyggerne tilh\u00f8rer enten salgivismen, som er en variant av den samaranske statsreligionen, eller rahelsk numenisme. Fandriere er vanligvis ikke spesielt religi\u00f8se.<\/p>\n\n\n\n<p><strong>Kj\u00f8nnsroller: <\/strong>Stort sett full likestilling.&nbsp;<\/p>\n\n\n\n<p>De fleste fandriere lever i standard heteroseksuelle familiekonstellasjoner, men mange variasjoner over temaet forekommer, uten at det lees p\u00e5 mange \u00f8yelokk. Homoseksualitet er forholdsvis uvanlig, men ikke uglesett.<\/p>\n\n\n\n<p><strong>Forventet levetid: <\/strong>Rundt 80 \u00e5r.<\/p>\n\n\n\n<p><strong>Historie: <\/strong>Fandria var opprinnelig en del av det enorme sultanatet Samara, men br\u00f8t ut under en av de mange krigene Samara var involvert i. I 1165 aN ble Fandria et selvstendig land, med betingelsen at det ikke allierte seg milit\u00e6rt med noen andre land, og heller ikke skulle ha noen st\u00e5ende landstyrke. P\u00e5 det tidspunktet var den fandriske handelsfl\u00e5ten allerede verdens st\u00f8rste, og siden har landet bare vokst i rikdom og anerkjennelse, til det er blitt verdens st\u00f8rste sj\u00f8makt, b\u00e5de milit\u00e6rt og \u00f8konomisk.&nbsp;<\/p>\n\n\n\n<p>Fandrierne har ogs\u00e5 gitt betydelig st\u00f8tte til andre oppr\u00f8rere i sultanatet, og har v\u00e6rt en viktig brikke i selvstendigheten til en rekke nye nasjoner, blant annet for Khezia.&nbsp;<\/p>\n\n\n\n<p>Forholdet mellom Fandria og Ryohti er sv\u00e6rt varmt, for fandrierne har hjulpet republikken med \u00e5 bli en moderne handelsnasjon, og gitt ryohtiske handelsfolk tilgang til markeder de ellers aldri ville f\u00e5tt noe innpass i.<\/p>\n\n\n\n<p><strong>Klesdrakt:<\/strong><\/p>\n\n\n\n<p>Inspirert av asiastisk eksotisk stil. Jakker, gjerne lange og posebukser med vidden rundt bena. Standard fandrisk klesdrakt er kj\u00f8nnsn\u00f8ytral.&nbsp;<\/p>\n\n\n\n<p>Hodeplagg: Turban.<\/p>\n\n\n\n<p>Farger: jordfarger, brun, oransje, dyp r\u00f8d, gul.<\/p>\n","protected":false},"excerpt":{"rendered":"<p>Innbyggertall: S\u00e5vidt over 1 million. Beliggenhet: S\u00f8r i Khontica, mellom Khezia og Rahel, men har ogs\u00e5 de oversj\u00f8iske provinsene Fandrisk Ciunna i det s\u00f8rlige Maan samt Ny-Fandria, som er en samling \u00f8yer nord for Ryohti. Klima: Varmt temperert til subtropisk, t\u00f8rt klima i gamlelandet, varmt temperert i Fandrisk Ciunna og Ny-Fandria. Styreform: Emirat, fra 1187 [&hellip;]<\/p>\n","protected":false},"author":1,"featured_media":0,"parent":83,"menu_order":0,"comment_status":"closed","ping_status":"closed","template":"","meta":{"footnotes":""},"class_list":["post-74","page","type-page","status-publish","hentry"],"_links":{"self":[{"href":"https:\/\/magisklaiv.org\/Ravnlaiv\/wp-json\/wp\/v2\/pages\/74","targetHints":{"allow":["GET"]}}],"collection":[{"href":"https:\/\/magisklaiv.org\/Ravnlaiv\/wp-json\/wp\/v2\/pages"}],"about":[{"href":"https:\/\/magisklaiv.org\/Ravnlaiv\/wp-json\/wp\/v2\/types\/page"}],"author":[{"embeddable":true,"href":"https:\/\/magisklaiv.org\/Ravnlaiv\/wp-json\/wp\/v2\/users\/1"}],"replies":[{"embeddable":true,"href":"https:\/\/magisklaiv.org\/Ravnlaiv\/wp-json\/wp\/v2\/comments?post=74"}],"version-history":[{"count":1,"href":"https:\/\/magisklaiv.org\/Ravnlaiv\/wp-json\/wp\/v2\/pages\/74\/revisions"}],"predecessor-version":[{"id":75,"href":"https:\/\/magisklaiv.org\/Ravnlaiv\/wp-json\/wp\/v2\/pages\/74\/revisions\/75"}],"up":[{"embeddable":true,"href":"https:\/\/magisklaiv.org\/Ravnlaiv\/wp-json\/wp\/v2\/pages\/83"}],"wp:attachment":[{"href":"https:\/\/magisklaiv.org\/Ravnlaiv\/wp-json\/wp\/v2\/media?parent=74"}],"curies":[{"name":"wp","href":"https:\/\/api.w.org\/{rel}","templated":true}]}}