{"id":78,"date":"2026-02-06T12:11:43","date_gmt":"2026-02-06T12:11:43","guid":{"rendered":"https:\/\/magisklaiv.org\/Ravnlaiv\/?page_id=78"},"modified":"2026-02-06T12:18:20","modified_gmt":"2026-02-06T12:18:20","slug":"valeria","status":"publish","type":"page","link":"https:\/\/magisklaiv.org\/Ravnlaiv\/folkegrupper-i-ravnaverden\/valeria\/","title":{"rendered":"Valeria"},"content":{"rendered":"\n<p><strong>Innbyggertall: <\/strong>800000.<\/p>\n\n\n\n<p><strong>Beliggenhet: <\/strong>P\u00e5 nordspissen av halv\u00f8ya s\u00f8r for den Samaranske Bukt.<\/p>\n\n\n\n<p><strong>Hovedstad:<\/strong> Bursult, en eldgammel, befestet by kysten.<\/p>\n\n\n\n<p><strong>Klima: <\/strong>Varmt temperert til subtropisk, t\u00f8rt.<\/p>\n\n\n\n<p><strong>Styreform: <\/strong>Monarki ledet av et par der den ene er magiker og den andre er soldat. Etter l\u00f8srivelsen fra Samara jobbes det med \u00e5 f\u00e5 utnevnt et slikt par, og det kan se ut til at krigerprinsessen Belgin ve Dani\u015fman og hennes magiker-ektemann G\u00f6khan ve Rahip f\u00e5r \u00e6ren av \u00e5 v\u00e6re kongeparet.<\/p>\n\n\n\n<p><strong>Spr\u00e5k: <\/strong>Valeriansk.<\/p>\n\n\n\n<p><strong>Livsgrunnlag: <\/strong>Jordbruk, havbruk, gruvedrift, v\u00e5penindustri.<\/p>\n\n\n\n<p><strong>Valuta: <\/strong>Fandriske mezen.<\/p>\n\n\n\n<p><strong>Religion: <\/strong>Valerianere er ikke spesielt religi\u00f8se, men mange tilh\u00f8rer nominelt enten vezenittismen eller salgivismen.<\/p>\n\n\n\n<p><strong>Kj\u00f8nnsroller: <\/strong>Full likestilling, nedfelt i eldgamle lover.<\/p>\n\n\n\n<p><strong>Forventet levetid: <\/strong>Rundt 74 \u00e5r &#8211; valerianerne har v\u00e6rt i krig over lengre tid.<\/p>\n\n\n\n<p><strong>Historie: <\/strong>Valeria var et oldtidsrike som ble erobret av Samara allerede i tiden rundt Numenas d\u00f8d, alts\u00e5 for over 1100 \u00e5r siden. Man skulle kanskje tro at valerianerne ville ha blitt assimilert p\u00e5 den tiden, men det har slett ikke skjedd. Det krigerske, \u00e6rerike valerianske folket har beholdt sitt spr\u00e5k, sin egenart og sine tradisjoner, og har v\u00e6rt i nesten konstant oppr\u00f8r mot sultanatet i alle disse \u00e5rene. Og for halvannet \u00e5r siden kom endelig bel\u00f8nningen: Samara kapitulerte, og anerkjente Valerias suverenitet innenfor grensene som separatistbevegelsen hadde kjempet seg fram til &#8211; faktisk et st\u00f8rre omr\u00e5de enn oldtidens Valeria hadde holdt, inkludert omr\u00e5der hvor innbyggerne er samaranere og andre minoriteter. I tillegg fikk valerianerne ansvar for \u00e5 administrere det nyopprettede ifsiske protektoratet litt lenger s\u00f8r, noe som i praksis mangedobler arealet landet kontrollerer.<\/p>\n\n\n\n<p><strong>Klesdrakt<\/strong>:<\/p>\n\n\n\n<p>Valerianere ser veldig uniformerte ut, kledd i milit\u00e6re effekter i lin, og ofte med l\u00e6rrustninger utenp\u00e5.<br>Hodeplagg: Stort sett bare hoder, skj\u00f8nt noen f\u00e5 har skjerf rundt hodet i sin families farge.<br>Farger: M\u00f8rk gr\u00f8nn eller m\u00f8rk gr\u00e5. Familiefargene, som kan ses p\u00e5 hodeskjerf eller ordensb\u00e5nd, er ofte i m\u00f8rk r\u00f8dt eller oransje, og det er ikke lett for utenforst\u00e5ende \u00e5 se forskjell p\u00e5 disse.<\/p>\n","protected":false},"excerpt":{"rendered":"<p>Innbyggertall: 800000. Beliggenhet: P\u00e5 nordspissen av halv\u00f8ya s\u00f8r for den Samaranske Bukt. Hovedstad: Bursult, en eldgammel, befestet by kysten. Klima: Varmt temperert til subtropisk, t\u00f8rt. Styreform: Monarki ledet av et par der den ene er magiker og den andre er soldat. Etter l\u00f8srivelsen fra Samara jobbes det med \u00e5 f\u00e5 utnevnt et slikt par, og [&hellip;]<\/p>\n","protected":false},"author":1,"featured_media":0,"parent":83,"menu_order":0,"comment_status":"closed","ping_status":"closed","template":"","meta":{"footnotes":""},"class_list":["post-78","page","type-page","status-publish","hentry"],"_links":{"self":[{"href":"https:\/\/magisklaiv.org\/Ravnlaiv\/wp-json\/wp\/v2\/pages\/78","targetHints":{"allow":["GET"]}}],"collection":[{"href":"https:\/\/magisklaiv.org\/Ravnlaiv\/wp-json\/wp\/v2\/pages"}],"about":[{"href":"https:\/\/magisklaiv.org\/Ravnlaiv\/wp-json\/wp\/v2\/types\/page"}],"author":[{"embeddable":true,"href":"https:\/\/magisklaiv.org\/Ravnlaiv\/wp-json\/wp\/v2\/users\/1"}],"replies":[{"embeddable":true,"href":"https:\/\/magisklaiv.org\/Ravnlaiv\/wp-json\/wp\/v2\/comments?post=78"}],"version-history":[{"count":1,"href":"https:\/\/magisklaiv.org\/Ravnlaiv\/wp-json\/wp\/v2\/pages\/78\/revisions"}],"predecessor-version":[{"id":79,"href":"https:\/\/magisklaiv.org\/Ravnlaiv\/wp-json\/wp\/v2\/pages\/78\/revisions\/79"}],"up":[{"embeddable":true,"href":"https:\/\/magisklaiv.org\/Ravnlaiv\/wp-json\/wp\/v2\/pages\/83"}],"wp:attachment":[{"href":"https:\/\/magisklaiv.org\/Ravnlaiv\/wp-json\/wp\/v2\/media?parent=78"}],"curies":[{"name":"wp","href":"https:\/\/api.w.org\/{rel}","templated":true}]}}