{"id":19,"date":"2025-04-07T20:28:05","date_gmt":"2025-04-07T20:28:05","guid":{"rendered":"https:\/\/magisklaiv.org\/?page_id=19"},"modified":"2026-02-04T10:47:32","modified_gmt":"2026-02-04T10:47:32","slug":"magisk-laiv","status":"publish","type":"page","link":"https:\/\/magisklaiv.org\/","title":{"rendered":"Magisk laiv"},"content":{"rendered":"\n<p>Velkommen til Magisk Laiv sitt univers!<\/p>\n\n\n\n<p>Hvor vil du dra?<\/p>\n\n\n\n<h2 class=\"wp-block-heading\">Kommende laiver:<\/h2>\n\n\n\n<p><strong><a href=\"https:\/\/magisklaiv.org\/Ravnlaiv\/den-gyldne-bankett\/\">Den gyldne bankett<\/a><\/strong> &#8211; 24. oktober&#8217;26. Endagslaiv n\u00e6r Oslo. <\/p>\n\n\n\n<p><a href=\"https:\/\/magisklaiv.org\/whistlesnbells\/\">Whistles and Bells<\/a> &#8211; Victorian Western saloon larp &#8211; postponed<\/p>\n\n\n\n<h2 class=\"wp-block-heading\">Annet: <\/h2>\n\n\n\n<p><a href=\"http:\/\/Laivgarderoben.org\" data-type=\"page\" data-id=\"9\">Laivgarderoben <\/a>&#8211; kostymeutleie, og St\u00e6sjonen laivlaiger.<\/p>\n\n\n\n<p><\/p>\n\n\n\n<p>Magisk Laiv er en ideell organisasjon som arrangerer laiver og drifter tiltak for \u00f8kt laivglede. <\/p>\n\n\n\n<p>Snapchat: <strong>magisklaiv<\/strong><\/p>\n\n\n\n<p><a href=\"https:\/\/mailchi.mp\/1d3ba4b7c0a6\/magisk-nyhetsbrev\"><strong>Meld deg p\u00e5 v\u00e5rt nyhetsbrev!<\/strong><\/a><\/p>\n\n\n\n<p>Magisk Laiv styres av Kristine Gr\u00f8nnings\u00e6ter, Harald Hellerud, Anne Karoline Ulset Furberg og Geir Pettersen Gr\u00f8nnings\u00e6ter.<\/p>\n","protected":false},"excerpt":{"rendered":"<p>Velkommen til Magisk Laiv sitt univers! Hvor vil du dra? Kommende laiver: Den gyldne bankett &#8211; 24. oktober&#8217;26. Endagslaiv n\u00e6r Oslo. Whistles and Bells &#8211; Victorian Western saloon larp &#8211; postponed Annet: Laivgarderoben &#8211; kostymeutleie, og St\u00e6sjonen laivlaiger. Magisk Laiv er en ideell organisasjon som arrangerer laiver og drifter tiltak for \u00f8kt laivglede. Snapchat: magisklaiv [&hellip;]<\/p>\n","protected":false},"author":2,"featured_media":0,"parent":0,"menu_order":0,"comment_status":"closed","ping_status":"closed","template":"","meta":{"footnotes":""},"class_list":["post-19","page","type-page","status-publish","hentry"],"_links":{"self":[{"href":"https:\/\/magisklaiv.org\/index.php\/wp-json\/wp\/v2\/pages\/19","targetHints":{"allow":["GET"]}}],"collection":[{"href":"https:\/\/magisklaiv.org\/index.php\/wp-json\/wp\/v2\/pages"}],"about":[{"href":"https:\/\/magisklaiv.org\/index.php\/wp-json\/wp\/v2\/types\/page"}],"author":[{"embeddable":true,"href":"https:\/\/magisklaiv.org\/index.php\/wp-json\/wp\/v2\/users\/2"}],"replies":[{"embeddable":true,"href":"https:\/\/magisklaiv.org\/index.php\/wp-json\/wp\/v2\/comments?post=19"}],"version-history":[{"count":14,"href":"https:\/\/magisklaiv.org\/index.php\/wp-json\/wp\/v2\/pages\/19\/revisions"}],"predecessor-version":[{"id":86,"href":"https:\/\/magisklaiv.org\/index.php\/wp-json\/wp\/v2\/pages\/19\/revisions\/86"}],"wp:attachment":[{"href":"https:\/\/magisklaiv.org\/index.php\/wp-json\/wp\/v2\/media?parent=19"}],"curies":[{"name":"wp","href":"https:\/\/api.w.org\/{rel}","templated":true}]}}