{"id":27,"date":"2025-04-07T20:40:32","date_gmt":"2025-04-07T20:40:32","guid":{"rendered":"https:\/\/magisklaiv.org\/?page_id=27"},"modified":"2026-02-04T10:48:41","modified_gmt":"2026-02-04T10:48:41","slug":"laiver","status":"publish","type":"page","link":"https:\/\/magisklaiv.org\/index.php\/laiver\/","title":{"rendered":"Laiver"},"content":{"rendered":"\n<p><strong>Ruter Konge<\/strong>. August&#8217;17. Maristuen, Noresund. Hjerterdame<\/p>\n\n\n\n<p><strong>Clava Leonis &#8211; forlovet og forspist<\/strong>. Januar&#8217;18. Furu\u00e5sen, Vestby. <\/p>\n\n\n\n<p><strong>Den L\u00f8se \u00d8se<\/strong> &#8211; oktober&#8217;18. Bl\u00e5haug, Oslo.<\/p>\n\n\n\n<p><strong>Serpent Sortia<\/strong> &#8211; juni&#8217;19. Kroken, Vestby. <\/p>\n\n\n\n<p><strong>Kl\u00f8verknekt<\/strong>. Oktober&#8217;19. Maristuen, Noresund. Hjerterdame<\/p>\n\n\n\n<p><strong>Oppdrag: Origo<\/strong> &#8211; september&#8217;21. Kl\u00f8verrabben, Oslo. Ravnaverden<\/p>\n\n\n\n<p><strong>Symposium <\/strong>&#8211; august&#8217;22. Ullsaker Panorama, Dokka. Ravnaverden.<\/p>\n\n\n\n<p><strong>Eshryn <\/strong>&#8211; mai&#8217;23. Guvihaug, Nordaguttu. Ravnaverden.<\/p>\n\n\n\n<p><strong>Wet Whistle<\/strong> &#8211; july&#8217;24. Storhornet Saloon, Oppdal. Usa, 1889.<\/p>\n\n\n\n<p><strong>Inferno <\/strong>&#8211; august&#8217;24. Det gule huset, Asker. Ravnaverden.<\/p>\n\n\n\n<p><strong>Celebrato <\/strong>&#8211; november&#8217;25. Bl\u00e5haug, Oslo. Ravnaverden<\/p>\n\n\n\n<p>Christmas Stories &#8211; januar&#8217;26. Ullsaker Panorama, Dokka. England 1845<\/p>\n","protected":false},"excerpt":{"rendered":"<p>Ruter Konge. August&#8217;17. Maristuen, Noresund. Hjerterdame Clava Leonis &#8211; forlovet og forspist. Januar&#8217;18. Furu\u00e5sen, Vestby. Den L\u00f8se \u00d8se &#8211; oktober&#8217;18. Bl\u00e5haug, Oslo. Serpent Sortia &#8211; juni&#8217;19. Kroken, Vestby. Kl\u00f8verknekt. Oktober&#8217;19. Maristuen, Noresund. Hjerterdame Oppdrag: Origo &#8211; september&#8217;21. Kl\u00f8verrabben, Oslo. Ravnaverden Symposium &#8211; august&#8217;22. Ullsaker Panorama, Dokka. Ravnaverden. Eshryn &#8211; mai&#8217;23. Guvihaug, Nordaguttu. Ravnaverden. Wet Whistle [&hellip;]<\/p>\n","protected":false},"author":2,"featured_media":0,"parent":0,"menu_order":0,"comment_status":"closed","ping_status":"closed","template":"","meta":{"footnotes":""},"class_list":["post-27","page","type-page","status-publish","hentry"],"_links":{"self":[{"href":"https:\/\/magisklaiv.org\/index.php\/wp-json\/wp\/v2\/pages\/27","targetHints":{"allow":["GET"]}}],"collection":[{"href":"https:\/\/magisklaiv.org\/index.php\/wp-json\/wp\/v2\/pages"}],"about":[{"href":"https:\/\/magisklaiv.org\/index.php\/wp-json\/wp\/v2\/types\/page"}],"author":[{"embeddable":true,"href":"https:\/\/magisklaiv.org\/index.php\/wp-json\/wp\/v2\/users\/2"}],"replies":[{"embeddable":true,"href":"https:\/\/magisklaiv.org\/index.php\/wp-json\/wp\/v2\/comments?post=27"}],"version-history":[{"count":9,"href":"https:\/\/magisklaiv.org\/index.php\/wp-json\/wp\/v2\/pages\/27\/revisions"}],"predecessor-version":[{"id":88,"href":"https:\/\/magisklaiv.org\/index.php\/wp-json\/wp\/v2\/pages\/27\/revisions\/88"}],"wp:attachment":[{"href":"https:\/\/magisklaiv.org\/index.php\/wp-json\/wp\/v2\/media?parent=27"}],"curies":[{"name":"wp","href":"https:\/\/api.w.org\/{rel}","templated":true}]}}